 of 11731102?
2, 5865551
What are the prime factors of 142784?
2, 23, 97
List the prime factors of 21698851.
17, 79, 107, 151
What are the prime factors of 465154?
2, 17, 13681
What are the prime factors of 31809?
3, 23, 461
List the prime factors of 423743.
157, 2699
List the prime factors of 414968.
2, 51871
What are the prime factors of 1046989?
37, 28297
What are the prime factors of 697432?
2, 87179
What are the prime factors of 1135112?
2, 11, 12899
List the prime factors of 4891748.
2, 173, 7069
What are the prime factors of 921956?
2, 7, 19, 1733
What are the prime factors of 6247149?
3, 1291, 1613
What are the prime factors of 492580?
2, 5, 11, 2239
List the prime factors of 720071.
11, 541
List the prime factors of 3302912.
2, 6451
List the prime factors of 404944.
2, 25309
List the prime factors of 4105386.
2, 3, 228077
What are the prime factors of 11545143?
3, 3848381
What are the prime factors of 2989354?
2, 1494677
List the prime factors of 4068342.
2, 3, 79, 2861
List the prime factors of 278787.
3, 19, 67, 73
List the prime factors of 52968.
2, 3, 2207
List the prime factors of 43563.
3, 13, 1117
What are the prime factors of 298298?
2, 7, 11, 13, 149
What are the prime factors of 65625?
3, 5, 7
List the prime factors of 353143.
7, 7207
List the prime factors of 1210665.
3, 5, 43, 1877
List the prime factors of 490578.
2, 3, 11, 7433
What are the prime factors of 2633155?
5, 7, 23, 3271
List the prime factors of 1477429.
31, 47659
What are the prime factors of 15674669?
41, 443, 863
List the prime factors of 927531.
3, 11, 347
List the prime factors of 4620945.
3, 5, 7, 6287
List the prime factors of 485325.
3, 5, 719
List the prime factors of 8513774.
2, 37, 103, 1117
List the prime factors of 278601.
3, 92867
What are the prime factors of 10144382?
2, 5072191
List the prime factors of 426519.
3, 15797
What are the prime factors of 20169621?
3, 19, 39317
List the prime factors of 2184134.
2, 1092067
What are the prime factors of 63431?
137, 463
What are the prime factors of 5262944?
2, 163, 1009
What are the prime factors of 6406179?
3, 13, 277, 593
What are the prime factors of 1428187?
17, 84011
List the prime factors of 10869032.
2, 47, 137, 211
What are the prime factors of 383797?
383797
What are the prime factors of 1881386?
2, 13, 269
List the prime factors of 4619292.
2, 3, 384941
What are the prime factors of 2164456?
2, 7, 38651
List the prime factors of 1733780.
2, 5, 86689
What are the prime factors of 1659723?
3, 13, 42557
List the prime factors of 28190625.
3, 5, 31, 97
What are the prime factors of 232281?
3, 7, 1229
List the prime factors of 3571003.
17, 23, 9133
List the prime factors of 540875.
5, 4327
List the prime factors of 554397.
3, 283, 653
What are the prime factors of 27753265?
5, 17, 47, 6947
What are the prime factors of 1146119?
13, 131, 673
List the prime factors of 1286637.
3, 11, 127, 307
List the prime factors of 253483.
23, 103, 107
What are the prime factors of 1403075?
5, 56123
List the prime factors of 13099004.
2, 43, 76157
List the prime factors of 396228.
2, 3, 7, 53, 89
List the prime factors of 12126739.
61, 3259
List the prime factors of 22118872.
2, 31, 89189
List the prime factors of 133890.
2, 3, 5, 4463
List the prime factors of 3420356.
2, 855089
List the prime factors of 19746273.
3, 6582091
What are the prime factors of 67241?
19, 3539
List the prime factors of 1170719.
11, 71, 1499
What are the prime factors of 12324465?
3, 5, 103, 2659
What are the prime factors of 69944?
2, 7, 1249
List the prime factors of 830649.
3, 276883
What are the prime factors of 576869?
523, 1103
What are the prime factors of 3426586?
2, 23, 163, 457
What are the prime factors of 1176319?
67, 97, 181
What are the prime factors of 166148?
2, 73, 569
List the prime factors of 8405947.
11, 787, 971
What are the prime factors of 24016180?
2, 5, 1200809
List the prime factors of 9425165.
5, 1885033
What are the prime factors of 1695719?
41, 59, 701
List the prime factors of 6341942.
2, 271, 11701
List the prime factors of 1063583.
733, 1451
What are the prime factors of 15303462?
2, 3, 2550577
What are the prime factors of 94124?
2, 23531
List the prime factors of 4291941.
3, 1430647
List the prime factors of 2750944.
2, 7, 12281
What are the prime factors of 484781?
11, 44071
What are the prime factors of 177839?
177839
What are the prime factors of 148569?
3, 49523
List the prime factors of 19765125.
3, 5, 17569
What are the prime factors of 180078?
2, 3, 30013
What are the prime factors of 754884?
2, 3, 13, 1613
What are the prime factors of 7388131?
19, 43, 9043
List the prime factors of 3364430.
2, 5, 31, 10853
What are the prime factors of 26524374?
2, 3, 4420729
List the prime factors of 7507007.
631, 11897
What are the prime factors of 286929?
3, 10627
List the prime factors of 121401.
3, 7, 41, 47
List the prime factors of 954552.
2, 3, 31, 1283
List the prime factors of 6828673.
41, 151, 1103
List the prime factors of 27594681.
3, 31, 41, 7237
What are the prime factors of 183284?
2, 45821
List the prime factors of 685382.
2, 342691
List the prime factors of 237087.
3, 2927
List the prime factors of 205787.
73, 2819
What are the prime factors of 383878?
2, 11, 17449
List the prime factors of 41625420.
2, 3, 5, 693757
What are the prime factors of 16310145?
3, 5, 67, 16229
What are the prime factors of 42506110?
2, 5, 4250611
List the prime factors of 778991.
17, 45823
List the prime factors of 3104220.
2, 3, 5, 7, 19, 389
What are the prime factors of 12909711?
3, 41, 103, 1019
List the prime factors of 771996.
2, 3, 64333
List the prime factors of 1955852.
2, 31, 15773
What are the prime factors of 2011714?
2, 31, 71, 457
What are the prime factors of 9155177?
41, 47, 4751
What are the prime factors of 501479?
11, 45589
List the prime factors of 366113.
11, 83, 401
List the prime factors of 224850.
2, 3, 5, 1499
What are the prime factors of 119080?
2, 5, 13, 229
What are the prime factors of 323634?
2, 3, 53939
What are the prime factors of 11442026?
2, 5721013
List the prime factors of 182874.
2, 3, 29, 1051
List the prime factors of 365777.
29, 12613
List the prime factors of 6230172.
2, 3, 13, 39937
List the prime factors of 32668.
2, 8167
What are the prime factors of 8096378?
2, 4048189
List the prime factors of 1435923.
3, 103, 1549
List the prime factors of 17801447.
29, 61, 347
List the prime factors of 2095218.
2, 3, 43, 2707
What are the prime factors of 632395?
5, 79, 1601
What are the prime factors of 12164033?
7, 23, 75553
List the prime factors of 252272.
2, 15767
What are the prime factors of 174166?
2, 87083
List the prime factors of 793994.
2, 396997
What are the prime factors of 14772459?
3, 13, 29137
What are the prime factors of 273907?
23, 11909
What are the prime factors of 18434372?
2, 11, 29, 14447
List the prime factors of 400743.
3, 7, 6361
List the prime factors of 305618.
2, 152809
What are the prime factors of 28916566?
2, 7, 23, 12829
What are the prime factors of 12598518?
2, 3, 827, 2539
List the prime factors of 1541652.
2, 3, 7, 18353
What are the prime factors of 112546?
2, 7, 8039
List the prime factors of 100912.
2, 7, 17, 53
What are the prime factors of 37490?
2, 5, 23, 163
What are the prime factors of 14194790?
2, 5, 127, 11177
List the prime factors of 358578.
2, 3, 11, 1811
List the prime factors of 565672.
2, 70709
List the prime factors of 139961.
17, 8233
List the prime factors of 1063326.
2, 3, 11, 16111
What are the prime factors of 559123?
559123
What are the prime factors of 1073508?
2, 3, 89459
What are the prime factors of 556663?
109, 5107
List the prime factors of 211398.
2, 3, 11, 3203
What are the prime factors of 239391?
3, 67, 397
List the prime factors of 355811.
355811
List the prime factors of 501855.
3, 5, 33457
What are the prime factors of 61956?
2, 3, 1721
List the prime factors of 1045330.
2, 5, 11, 13, 17, 43
List the prime factors of 6415745.
5, 7, 183307
List the prime factors of 1227344.
2, 79, 971
What are the prime factors of 16179121?
7, 17, 79, 1721
What are the prime factors of 12833434?
2, 463, 13859
What are the prime factors of 1674202?
2, 293, 2857
What are the prime factors of 610450?
2, 5, 29, 421
What are